
5
What is the value of -5 - -6 - (2 + 2) - 3?
-6
-6 + 3 - (-3 - -1)
-1
What is -2 + 4 + 2 - 6?
-2
-6 - (4 - (4 - -6))
0
Evaluate -83 + 91 + (-1 - 12).
-5
Evaluate (2 + -6 - 4) + 3 + 2.
-3
(-6 - -7 - 3) + 9 - 1
6
Evaluate (-1 - -7 - -2) + -6.
2
What is the value of (-5 - (14 + -7)) + 8?
-4
What is the value of 10 + -15 + 2 + -1 + 2?
-2
Evaluate 5 + (-4 + -4 - -8).
5
Evaluate 4 + -3 + -1 - -4.
4
Evaluate 3 - ((-2 - 1) + 1 + 10).
-5
Calculate -2 - (-2 - -3 - 3).
0
Evaluate 3 + -2 + 0 - 2 - 2.
-3
Calculate 4 + (0 - -1) + -3 + 0.
2
Evaluate -4 - (-12 + -10) - 10.
8
What is 9 + -8 + 5 - 9?
-3
Calculate 4 + (4 - (10 - 4)).
2
What is the value of 1 - -1 - 7 - (-1 - 7)?
3
What is the value of (15 + -12 - (1 + 0)) + -2?
0
Evaluate 14 + 0 + 0 - (8 - 2).
8
What is the value of 4 + -1 + -3 - (-1 - 2)?
3
0 + 7 + (-1 - 2 - 2)
2
(3 + 1 - (-20 - -22)) + -7
-5
Evaluate -3 + 8 - 1 - 8.
-4
What is 2 - 3 - (-7 - -2)?
4
Calculate 13 + (-6 + 10 - 22).
-5
Calculate -4 + (9 + 6 - 7).
4
What is the value of 5 + (-2 - 0) - (2 + -1)?
2
What is the value of (-11 - (-12 + 11)) + 13?
3
What is the value of -2 + (3 - 3) + 6?
4
Evaluate 1 + 1 + (-220 - -224).
6
Evaluate (3 - (-3 + 5 - 2)) + 2.
5
What is 4 - (-4 + 7 - -3)?
-2
What is (-2 + 4 - 1) + (-2 - -6)?
5
What is 1 - (1 - -3) - 0?
-3
What is the value of -4 - -1 - (0 + 3 + -8)?
2
What is 2 - (-4 + 9 + 2 - 6)?
1
Calculate 4 + 2 - (0 + 7).
-1
What is the value of 8 - ((7 - 13) + 12)?
2
1 - (-4 + 4 + -14 - -6)
9
What is the value of -5 - (0 - 2 - 0)?
-3
Calculate (-10 + 1 - 0) + (1 - -4).
-4
What is the value of 1 + (-7 - -3) - -2?
-1
Calculate (6 - -1) + -3 - -1.
5
Evaluate 16 + -5 + (-13 - -5).
3
6 - 1 - (10 + 10 + -11)
-4
What is the value of 20 - 27 - (1 + -9)?
1
Calculate 2 - (-1 + (-2 - -9) + 1).
-5
What is (-20 + 7 - -8) + -4 + 0?
-9
What is 23 + -23 - (-1 - 1 - -7)?
-5
Evaluate -3 + (1 - (2 - 2)) + 2.
0
Evaluate 5 + (-21 - -9) + 6.
-1
What is the value of 17 + -4 + 6 - 14?
5
Evaluate 8 - ((5 - 2) + 0 + -1).
6
What is 2 - 1 - -4 - (25 - 23)?
3
What is the value of 7 - (-4 - (0 - (8 - 2)))?
5
What is -1 - (5 + -9 - (-1 + -1))?
1
What is 2 - -2 - (-30 + 31)?
3
(9 + 11 - (-2 - -10)) + -7
5
-1 + 3 + -2 - 2
-2
What is the value of -2 - 1 - (-2 + 2 + 1)?
-4
What is the value of -1 - (-4 - -1 - (3 + -7))?
-2
What is the value of 0 + 5 + -1 + -4 - 0?
0
(-1 - -6) + (17 - 21)
1
What is the value of 9 + (7 - (-6 + 3 - -15))?
4
What is the value of -10 + 9 + (1 + 1 - -2)?
3
What is 8 + -5 - (5 + 0)?
-2
Evaluate 207 + -216 + (-1 - (-10 - -2)).
-2
What is the value of -4 - (-1 + 0 + 3 + -1)?
-5
Evaluate (8 - -6) + -13 + 3.
4
Calculate (-4 - -7) + (1 - 3).
1
What is -12 + (2 - -3) - (4 - 18)?
7
What is -9 + 12 - (-5 - -2)?
6
What is the value of -5 + (5 - 3) + 5?
2
Calculate -1 + 3 + -1 + -6 - -8.
3
-16 - (-15 - -19 - 15)
-5
38 - 34 - (-2 - -11)
-5
What is 7 + -9 - (3 + 0)?
-5
3 + 2 + -1 + (-10 - -13)
7
What is the value of 1 + 2 - ((0 - -13) + -7)?
-3
What is -2 + (-3 - -1) + 3 + 1?
0
Evaluate -8 - -1 - (5 - (1 - -6)).
-5
What is the value of (2 - -4) + -8 + 4?
2
-6 - (-12 - (-6 - -12 - 7))
5
Evaluate -12 + 15 + 10 - 10.
3
Evaluate (-2 - (4 + -1)) + 8 + -5.
-2
What is (0 - 0) + -1 + (-25 - -25)?
-1
Calculate (3 - -5) + -9 - -3.
2
Calculate -5 + (1 - -4) + (14 - 9).
5
What is the value of 1 - (4 + -2 + -4)?
3
Evaluate -12 + 4 + 0 + 4.
-4
What is the value of (9 - -6) + -9 - 12?
-6
What is -3 + (10 - -2) + -4?
5
What is (-1 - -1) + (1 - 1)?
0
What is the value of 6 + -6 + (2 - 4)?
-2
What is the value of (7 - 6 - 1) + -2?
-2
What is the value of (3 - 5) + (-1 - 1)?
-4
Calculate 11 - (14 + 10) - -8.
-5
What is the value of (-1 - -7 - -4) + (-1 - 1)?
8
What is 0 - 1 - (-1 + -1 - 2)?
3
Evaluate -31 - -29 - (0 + -2 + -1).
1
-1 + -1 + 8 - (12 - 1)
-5
7 + (-12 + 9 - 1)
3
Calculate 3 + 1 + -34 + 25.
-5
9 + (-5 - -7) - 9
2
Calculate 7 + 6 + -9 - 2.
2
Calculate -1 + 0 + (-5 - -6) + 5.
5
Evaluate 19 + -4 + (-4 - 3).
8
3 - (-1 - -3) - 6
-5
(-1 + -2 - 4) + 4
-3
What is 3 + 0 + -6 + -1 + 0?
-4
Evaluate -2 - -4 - (-4 - -8).
-2
What is 5 + 0 + 4 + -14 + 8?
3
What is 0 + 0 - (40 - 43)?
3
What is the value of 6 + (-1 - 2 - 6) - 3?
-6
Calculate 5 + -1 + -6 - (-1 + 0).
-1
Calculate -2 - (0 + 2 + 0) - 1.
-5
-1 - (-7 + 9 - 2)
-1
Calculate -19 + 14 - (4 - 7).
-2
Calculate -19 + 21 + -12 - (1 + -9).
-2
(3 - (-1 - 5)) + -6
3
What is the value of 2 - -8 - (3 + 5)?
2
Evaluate (28 - 25) + 2 + (3 - 1).
7
Evaluate 7 - 1 - (-6 + (2 - -14)).
-4
Calculate (0 - 4 - -2) + (5 - 1).
2
Calculate 0 + 0 + -4 + 3.
-1
What is -12 + 6 + 12 - 9?
-3
Calculate 0 + -7 + 2 + 1.
-4
-4 - (0 + 0) - (-2 + 3)
-5
Calculate -13 + 6 + 1 - -7.
1
What is the value of (-1 - 2) + 3 + (-9 - -4)?
-5
0 + 2 - 4 - (5 + -2)
-5
What is 5 - 2 - (0 + -2 - 0)?
5
What is (-1 - 1) + -2 + 2 + -3?
-5
What is 3 - (4 + 4) - (-2 + -6)?
3
Calculate -18 - -21 - (3 - -1).
-1
Calculate 3 - 0 - 1 - 7.
-5
(0 - -2) + (18 - 20)
0
7 + -10 + (-1 - 1)
-5
Calculate -8 - (2 - 11 - 6).
7
Evaluate -4 + (15 - 6) + -3.
2
-3 + 14 + (-18 - -7)
0
Evaluate -1 + -1 + -4 + 9 + 2.
5
What is the value of -2 + (-1 - (-1 + -3))?
1
Calculate (2 - (2 + 0)) + 8 + -12.
-4
1 + (-3 - (2 + -4 + 0))
0
0 - (0 + -1) - (-10 + 14)
-3
-11 - ((11 - 6) + -9)
-7
What is 7 + -6 + 4 + -4 + 4?
5
1 - ((5 - 2) + -5 - -7)
-4
What is the value of (-7 - -10) + -6 - -1?
-2
Evaluate -1 + (3 + 4 - 3) + 4.
7
Calculate -1 + 11 - (2 - 1).
9
What is the value of 6 - ((-11 - -5) + 12 + 1)?
-1
What is the value of -1 - -2 - (41 + -36)?
-4
What is the value of -3 + -1 + 5 + -3?
-2
(3 - (-1 - -3)) + (5 - 10)
-4
Calculate (2 - (4 - 1)) + -1 + -2.
-4
Evaluate -6 - (-19 - (5 - 12)).
6
What is the value of -8 - (0 - ((1 - -4) + -1))?
-4
Evaluate -3 - (-15 + (5 - -5)).
2
(0 - (4 - 5)) + 3
4
(-21 - (-5 + 2)) + 2 - -5
-11
Calculate 1 + 0 - (-2 - (2 - 8)).
-3
Evaluate 0 + (-3 - 0) + 0 - -4.
1
Calculate 11 + 0 + -247 + 245.
9
What is 0 - -3 - (0 - (-8 - -9))?
4
What is the value of -2 + -3 - (-8 - -6) - -2?
-1
What is (1 + -2 - 2) + 3?
0
What is 0 + 0 - (57 - 63)?
6
2 + (-9 - -4) - -3
0
36 - 32 - (1 + 4)
-1
What is the value of 1 - (0 + -3 + 2 + -1)?
3
What is the value of (-6 - (-5 - -14)) + 6?
-9
What is 9 + (-2 - 3) + (-2 - 0)?
2
Calculate 3 - (6 + (-2 - -3) - 2).
-2
10 - (12 + -3 + -2)
3
What is the value of -1 + (-24 - (-17 + 3))?
-11
What is 8 + (-1 - 6) + 0?
1
-4 + 7 + (4 - 8)
-1
What is the value of (8 - 13 - 3) + 8?
0
Evaluate 3 + 3 + -2 + -2 + 5.
7
Evaluate 6 + (-40 + 23 - (1 + -4)).
-8
What is the value of 1 - (2 + 2) - -3?
0
Evaluate 3 + 2 - (1 - -3).
1
What is the value of 6 - (5 - -4) - 0?
-3
Evaluate 9 - (9 - 4) - 2.
2
What is (5 - 9) + 10 - 1?
5
16 + -13 - 8 - 3
-8
What is the value of 0 + (3 - (2 + 0 + 2))?
-1
Calculate 0 + 1 + 1 + -4.
-2
What is 1 + -3 - (-1 - 1 - -3)?
-3
Evaluate -4 - -1 - (-12 + (21 - 10)).
-2
Evaluate -1 + (-2 + (-6 - 0) - -4).
-5
What is the value of -4 - ((-2 - 2) + -1)?
1
Calculate -10 - (-2 + -2) - -4 - -1.
-1
Calculate 0 - 1 - ((6 - 6) + 2).
-3
Evaluate -7 + -1 + (5 - -1) + -4.
-6
-142 + 144 + (1 - 0 - 3)
0
Evaluate 11 + -5 - (20 - 17).
3
What is 4 + -2 + -2 + 2 - 3?
-1
-7 + 17 + -15 - -4
-1
What is the value of -2 + -11 + (17 - -3)?
7
What is the value of -12 - ((2 - 10) + 0)?
-4
What is the value of -1 - -1 - (-1 - (-1 + 0))?
0
What is the value of -3 + (-1 - -8) + -1?
3
Evaluate -3 - (-1 + -8 + 7 + -5).
4
-5 + -4 + (3 + 6 - 3)
-3
What is 7 - 2 - 10 - 0?
-5
-21 + 15 + 0 + 5
-1
What is (-6 - (6 + -18)) + (1 - 3)?
4
What is the value of -6 + (4 - -1) + -4?
-5
What is 10 + (-2 - 3) + 2?
7
3 - 5 - (-5 + 3 + 0)
0
2 - -5 - (10 + -7)
4
What is the value of (-3 - (-3 + -1)) + -1 + 3?
3
Calculate 0 + (4 - (-13 - -10)).
7
-6 + (0 - (8 + -16))
2
2 + (4 + 0 - 3)
3
-3 + (4 + -9 - (0 + -4))
-4
What is the value of -7 + (0 - -5 - 0) + -2?
-4
What is 13 - (-4 - -10 - -1)?
6
Evaluate -4 + (1 - (-2 - -3)).
-4
-1 + -6 + 8 - -2
3
Calculate -3 - (3 + -1 - 1).
-4
(2 - -2) + 2 + 1
7
Calculate (18 - 10) + (2 - 5).
5
Calculate (2 - (5 - -3) - -7) + 3.
4
(-23 - -26) + (1 - 0) - 3
1
Calculate -14 + 21 - (3 + 1).
3
What is the value of 13 + (1 + 4 - 14)?
4
What is the value of -129 - -143 - (1 - -20)?
-7
-2 - (-20 - -24) - (-1 + 4)
-9
What is the value of 0 - -5 - (38 - 39) - 10?
-4
Evaluate (-14 - (-3 + -3)) + 14.
6
Evaluate 4 + -8 + 9 + -15.
-10
What i